se
Is 106547887 prime?
True
Is 711033749 prime?
False
Is 20562622981 a prime number?
False
Is 655519867 prime?
True
Is 2751962683 prime?
True
Is 85887580147 a prime number?
False
Is 1401491639 prime?
True
Is 23190342139 a prime number?
True
Is 1006748885 a composite number?
True
Is 39766400237 composite?
True
Is 9994670969 a prime number?
True
Is 37086653503 prime?
True
Is 235779857827 prime?
True
Is 8170503071 a prime number?
True
Is 47466965141 a composite number?
False
Is 70904777 prime?
False
Is 1079229539 composite?
True
Is 23594851835 prime?
False
Is 135764444737 prime?
True
Is 3441221891 composite?
False
Is 407844181 composite?
False
Is 1845496199 a composite number?
True
Is 23748702389 prime?
True
Is 6129685469 prime?
False
Is 22287588707 composite?
False
Is 19718912503 a composite number?
False
Is 13885322273 a composite number?
True
Is 10603883 composite?
True
Is 3771478553 a composite number?
True
Is 10580909033 a prime number?
True
Is 11384948459 composite?
True
Is 1014415349 prime?
True
Is 432764851 composite?
False
Is 10103053987 composite?
True
Is 5358156499 composite?
False
Is 250864037 a composite number?
False
Is 1858459283 composite?
False
Is 29458357 a prime number?
False
Is 11707890811 a prime number?
False
Is 17346878309 composite?
True
Is 24153888547 a composite number?
False
Is 114723101 a composite number?
True
Is 115774691 composite?
False
Is 11189487017 a composite number?
True
Is 1152688673 prime?
False
Is 5493254441 a composite number?
True
Is 12809384713 a prime number?
True
Is 652019887 a composite number?
True
Is 4809341711 composite?
False
Is 33907913561 a prime number?
False
Is 10725826817 a composite number?
False
Is 155104109 prime?
False
Is 325699879 a composite number?
True
Is 557223787 composite?
True
Is 36439505755 a composite number?
True
Is 1104988067 a composite number?
True
Is 102958241 composite?
False
Is 15098205817 a composite number?
False
Is 18767650861 a prime number?
False
Is 410882531 a prime number?
True
Is 2523908917 a composite number?
True
Is 227699578091 prime?
True
Is 543625249 prime?
True
Is 18281807309 composite?
True
Is 14051476883 a prime number?
True
Is 18863422043 a composite number?
False
Is 8356295309 prime?
True
Is 1593769781 composite?
False
Is 9207400199 a prime number?
True
Is 28190725663 a prime number?
False
Is 25738477 composite?
False
Is 944654983 prime?
False
Is 144114283 a prime number?
True
Is 2239896749 a composite number?
True
Is 15566953 composite?
False
Is 1712167571 a prime number?
False
Is 21420064759 a composite number?
False
Is 757878671 a composite number?
True
Is 2170058633 a composite number?
True
Is 47569412773 a composite number?
False
Is 9210509599 a composite number?
True
Is 34265986877 a prime number?
True
Is 2127110929 prime?
True
Is 136627391 a prime number?
True
Is 33487639459 composite?
True
Is 51212567899 composite?
True
Is 210386601827 a composite number?
False
Is 14052993403 composite?
True
Is 30448037713 a prime number?
False
Is 42686411 composite?
True
Is 24678199649 prime?
False
Is 49437817757 composite?
False
Is 7210632577 a prime number?
True
Is 666095449 a prime number?
True
Is 21728997179 a composite number?
False
Is 27883400161 prime?
True
Is 3259071373 composite?
False
Is 77073239051 prime?
False
Is 166104677 a prime number?
False
Is 11562810869 a composite number?
True
Is 11272751807 a prime number?
True
Is 22416235141 a prime number?
False
Is 52299972821 a prime number?
False
Is 11269433099 a prime number?
True
Is 3510960631 a composite number?
False
Is 3877569911 a prime number?
False
Is 2621616197 composite?
False
Is 3416512453 prime?
True
Is 4275718891 a composite number?
True
Is 12064226683 composite?
True
Is 43367097 a prime number?
False
Is 3699619289 a composite number?
False
Is 939634811 a composite number?
False
Is 1552005691 a composite number?
False
Is 5544698213 a composite number?
False
Is 4057461542 prime?
False
Is 1251666707 a prime number?
False
Is 303730811 composite?
True
Is 1332882203 a composite number?
False
Is 3287871857 composite?
False
Is 87429841 prime?
False
Is 2639016733 composite?
True
Is 2120843939 prime?
True
Is 3443193493 composite?
True
Is 27431535433 composite?
False
Is 1142634265 composite?
True
Is 58065473771 a composite number?
False
Is 31879663679 composite?
False
Is 26815391443 a composite number?
True
Is 69174723833 a prime number?
True
Is 145798880303 a prime number?
True
Is 486326319 a prime number?
False
Is 1580623027 composite?
False
Is 22516180537 prime?
False
Is 442746935 composite?
True
Is 1460316619 a prime number?
False
Is 980102509 a prime number?
False
Is 17258559787 prime?
False
Is 166666069 prime?
True
Is 361706087 composite?
False
Is 7990327669 a composite number?
False
Is 601053247 composite?
False
Is 1648532707 a composite number?
False
Is 64283641 composite?
False
Is 12569084743 prime?
True
Is 10112185547 a composite number?
False
Is 147971392951 a composite number?
True
Is 2710568687 composite?
False
Is 2549607189 prime?
False
Is 3147842561 a prime number?
False
Is 10606967279 composite?
True
Is 559091773 a composite number?
False
Is 4382967029 composite?
True
Is 20442952181 prime?
True
Is 875128993 composite?
False
Is 2883532121 composite?
False
Is 1282506481 composite?
False
Is 30590995639 prime?
True
Is 2652108301 a composite number?
False
Is 59296575967 composite?
False
Is 40903379401 a prime number?
True
Is 2328542501 prime?
False
Is 89999734757 prime?
False
Is 308329639 a composite number?
False
Is 4724039009 a prime number?
True
Is 23316181529 a composite number?
True
Is 323821979 composite?
True
Is 1532112779 composite?
True
Is 552415585 composite?
True
Is 721156287 prime?
False
Is 2871879931 a composite number?
False
Is 235876063 composite?
True
Is 152481841 a composite number?
False
Is 51109416191 a composite number?
False
Is 130186432907 prime?
False
Is 465923453 a composite number?
True
Is 2076927607 a composite number?
False
Is 514009921 prime?
True
Is 162083022119 a composite number?
False
Is 89066826803 prime?
True
Is 2933315509 a prime number?
True
Is 20331380087 composite?
False
Is 14197473971 composite?
True
Is 17267084683 prime?
False
Is 1974914653 prime?
True
Is 8783405539 a prime number?
True
Is 2465531537 prime?
False
Is 5609590121 composite?
True
Is 3197737121 prime?
False
Is 115335814021 a composite number?
False
Is 927373627 prime?
False
Is 14630044457 prime?
False
Is 165890839787 a composite number?
True
Is 6978584069 a prime number?
True
Is 3297537479 a composite number?
False
Is 17630867341 prime?
False
Is 2313153107 prime?
False
Is 14308037729 a prime number?
False
Is 1725485087 a composite number?
False
Is 2492301043 prime?
False
Is 1733739719 prime?
False
Is 1279687129 a composite number?
True
Is 1018229879 prime?
True
Is 3406907099 a prime number?
False
Is 3298666769 a prime number?
True
Is 73982878003 a composite number?
False
Is 1162621553 composite?
False
Is 3454927409 prime?
True
Is 652656689 a composite number?
False
Is 2838275047 prime?
True
Is 674448443 composite?
False
Is 1590423701 prime?
True
Is 375783979 composite?
False
Is 2355609157 a prime number?
False
Is 1682390779 a prime number?
True
Is 123572785799 a prime number?
True
Is 709800989 a composite number?
False
Is 4991389877 a prime number?
False
Is 732299537 a composite number?
True
Is 45794728051 prime?
False
Is 13728758539 prime?
True
Is 41945845597 a composite number?
True
Is 1620776477 a prime number?
False
Is 4207014881 a prime number?
True
Is 1862573641 composite?
False
Is 402729022 a composite number?
True
Is 389061109 a composite number?
False
Is 32622976343 composite?
False
Is 57062940737 a prime number?
False
Is 9730553849 prime?
False
Is 246040241 prime?
True
Is 100507471 a prime number?
True
Is 75338674231 prime?
True
Is 553135343 a prime number?
True
Is 18209081521 prime?
True
Is 1161160217 prime?
False
Is 6437391299 a prime number?
False
Is 275022259 a prime number?
True
Is 40611590629 a prime number?
True
Is 14208400211 composite?
False
Is 15667224959 a prime number?
False
Is 106203857 a composite number?
True
Is 600755899 prime?
True
Is 5135697953 composite?
False
Is 376824989 a composite number?
True
Is 174648827 a prime number?
False
Is 2361511297 prime?
Fals